{"id":1262,"date":"2026-01-24T22:37:00","date_gmt":"2026-01-24T21:37:00","guid":{"rendered":"http:\/\/vigraphie.local\/?page_id=1262"},"modified":"2026-04-27T15:40:58","modified_gmt":"2026-04-27T13:40:58","slug":"o-en-couleur","status":"publish","type":"page","link":"https:\/\/www.vigraphie.fr\/index.php\/o-en-couleur\/","title":{"rendered":"O en Couleur"},"content":{"rendered":"\t\t<div data-elementor-type=\"wp-page\" data-elementor-id=\"1262\" class=\"elementor elementor-1262\">\n\t\t\t\t<div class=\"elementor-element elementor-element-3dd11b7 e-flex e-con-boxed qodef-elementor-content-no e-con e-parent\" data-id=\"3dd11b7\" data-element_type=\"container\" data-e-type=\"container\" data-settings=\"{&quot;background_background&quot;:&quot;classic&quot;}\">\n\t\t\t\t\t<div class=\"e-con-inner\">\n\t\t\t\t\t<\/div>\n\t\t\t\t<\/div>\n\t\t<div class=\"elementor-element elementor-element-f87958e e-flex e-con-boxed qodef-elementor-content-no elementor-invisible e-con e-parent\" data-id=\"f87958e\" data-element_type=\"container\" data-e-type=\"container\" data-settings=\"{&quot;background_background&quot;:&quot;classic&quot;,&quot;animation&quot;:&quot;fadeIn&quot;}\">\n\t\t\t\t\t<div class=\"e-con-inner\">\n\t\t<div class=\"elementor-element elementor-element-bc043e0 e-con-full e-flex qodef-elementor-content-no e-con e-child\" data-id=\"bc043e0\" data-element_type=\"container\" data-e-type=\"container\">\n\t\t\t\t<div class=\"elementor-element elementor-element-44d9ba4 elementor-widget__width-initial elementor-widget elementor-widget-image\" data-id=\"44d9ba4\" data-element_type=\"widget\" data-e-type=\"widget\" data-widget_type=\"image.default\">\n\t\t\t\t<div class=\"elementor-widget-container\">\n\t\t\t\t\t\t\t\t\t\t\t\t\t\t\t<img fetchpriority=\"high\" decoding=\"async\" width=\"800\" height=\"800\" src=\"https:\/\/www.vigraphie.fr\/wp-content\/uploads\/Vi.Graphie-logo-principal-oencouleur-creatrice-1.webp\" class=\"attachment-large size-large wp-image-1660\" alt=\"Vi.Graphie identit\u00e9 visuelle graphiste multim\u00e9dia cr\u00e9ateurs\" srcset=\"https:\/\/www.vigraphie.fr\/wp-content\/uploads\/Vi.Graphie-logo-principal-oencouleur-creatrice-1.webp 800w, https:\/\/www.vigraphie.fr\/wp-content\/uploads\/Vi.Graphie-logo-principal-oencouleur-creatrice-1-300x300.webp 300w, https:\/\/www.vigraphie.fr\/wp-content\/uploads\/Vi.Graphie-logo-principal-oencouleur-creatrice-1-150x150.webp 150w, https:\/\/www.vigraphie.fr\/wp-content\/uploads\/Vi.Graphie-logo-principal-oencouleur-creatrice-1-768x768.webp 768w, https:\/\/www.vigraphie.fr\/wp-content\/uploads\/Vi.Graphie-logo-principal-oencouleur-creatrice-1-650x650.webp 650w\" sizes=\"(max-width: 800px) 100vw, 800px\" \/>\t\t\t\t\t\t\t\t\t\t\t\t\t\t\t<\/div>\n\t\t\t\t<\/div>\n\t\t\t\t<div class=\"elementor-element elementor-element-4cad403 elementor-widget elementor-widget-spacer\" data-id=\"4cad403\" data-element_type=\"widget\" data-e-type=\"widget\" data-widget_type=\"spacer.default\">\n\t\t\t\t<div class=\"elementor-widget-container\">\n\t\t\t\t\t\t\t<div class=\"elementor-spacer\">\n\t\t\t<div class=\"elementor-spacer-inner\"><\/div>\n\t\t<\/div>\n\t\t\t\t\t\t<\/div>\n\t\t\t\t<\/div>\n\t\t\t\t<\/div>\n\t\t<div class=\"elementor-element elementor-element-de8aa53 e-con-full e-flex qodef-elementor-content-no e-con e-child\" data-id=\"de8aa53\" data-element_type=\"container\" data-e-type=\"container\">\n\t\t\t\t<div class=\"elementor-element elementor-element-73e746d elementor-widget-tablet__width-initial elementor-widget elementor-widget-image\" data-id=\"73e746d\" data-element_type=\"widget\" data-e-type=\"widget\" data-widget_type=\"image.default\">\n\t\t\t\t<div class=\"elementor-widget-container\">\n\t\t\t\t\t\t\t\t\t\t\t\t\t\t\t<img decoding=\"async\" width=\"1024\" height=\"768\" src=\"https:\/\/www.vigraphie.fr\/wp-content\/uploads\/Vi.Graphie-graphiste-logo-O-en-Couleur-1024x768.webp\" class=\"attachment-large size-large wp-image-3087\" alt=\"Vi.Graphie graphiste logo O en Couleur\" srcset=\"https:\/\/www.vigraphie.fr\/wp-content\/uploads\/Vi.Graphie-graphiste-logo-O-en-Couleur-1024x768.webp 1024w, https:\/\/www.vigraphie.fr\/wp-content\/uploads\/Vi.Graphie-graphiste-logo-O-en-Couleur-300x225.webp 300w, https:\/\/www.vigraphie.fr\/wp-content\/uploads\/Vi.Graphie-graphiste-logo-O-en-Couleur-768x576.webp 768w, https:\/\/www.vigraphie.fr\/wp-content\/uploads\/Vi.Graphie-graphiste-logo-O-en-Couleur.webp 1067w\" sizes=\"(max-width: 1024px) 100vw, 1024px\" \/>\t\t\t\t\t\t\t\t\t\t\t\t\t\t\t<\/div>\n\t\t\t\t<\/div>\n\t\t\t\t<div class=\"elementor-element elementor-element-0fd18a5 elementor-widget elementor-widget-spacer\" data-id=\"0fd18a5\" data-element_type=\"widget\" data-e-type=\"widget\" data-widget_type=\"spacer.default\">\n\t\t\t\t<div class=\"elementor-widget-container\">\n\t\t\t\t\t\t\t<div class=\"elementor-spacer\">\n\t\t\t<div class=\"elementor-spacer-inner\"><\/div>\n\t\t<\/div>\n\t\t\t\t\t\t<\/div>\n\t\t\t\t<\/div>\n\t\t\t\t<\/div>\n\t\t<div class=\"elementor-element elementor-element-149254e e-con-full e-flex qodef-elementor-content-no e-con e-child\" data-id=\"149254e\" data-element_type=\"container\" data-e-type=\"container\">\n\t\t\t\t<div class=\"elementor-element elementor-element-004af87 elementor-widget__width-initial elementor-widget elementor-widget-image\" data-id=\"004af87\" data-element_type=\"widget\" data-e-type=\"widget\" data-widget_type=\"image.default\">\n\t\t\t\t<div class=\"elementor-widget-container\">\n\t\t\t\t\t\t\t\t\t\t\t\t\t\t\t<img decoding=\"async\" width=\"800\" height=\"795\" src=\"https:\/\/www.vigraphie.fr\/wp-content\/uploads\/Vi.Graphie-flocage-teeshirt-OenCouleur.webp\" class=\"attachment-large size-large wp-image-1338\" alt=\"Vi.Graphie graphiste multim\u00e9dia Virginie Dissard communication visuelle\" srcset=\"https:\/\/www.vigraphie.fr\/wp-content\/uploads\/Vi.Graphie-flocage-teeshirt-OenCouleur.webp 800w, https:\/\/www.vigraphie.fr\/wp-content\/uploads\/Vi.Graphie-flocage-teeshirt-OenCouleur-300x298.webp 300w, https:\/\/www.vigraphie.fr\/wp-content\/uploads\/Vi.Graphie-flocage-teeshirt-OenCouleur-150x150.webp 150w, https:\/\/www.vigraphie.fr\/wp-content\/uploads\/Vi.Graphie-flocage-teeshirt-OenCouleur-768x763.webp 768w\" sizes=\"(max-width: 800px) 100vw, 800px\" \/>\t\t\t\t\t\t\t\t\t\t\t\t\t\t\t<\/div>\n\t\t\t\t<\/div>\n\t\t\t\t<\/div>\n\t\t<div class=\"elementor-element elementor-element-4e18b50 e-con-full e-flex qodef-elementor-content-no e-con e-child\" data-id=\"4e18b50\" data-element_type=\"container\" data-e-type=\"container\">\n\t\t\t\t<div class=\"elementor-element elementor-element-2d5efbc elementor-widget__width-initial elementor-widget-tablet__width-initial elementor-widget elementor-widget-image\" data-id=\"2d5efbc\" data-element_type=\"widget\" data-e-type=\"widget\" data-widget_type=\"image.default\">\n\t\t\t\t<div class=\"elementor-widget-container\">\n\t\t\t\t\t\t\t\t\t\t\t\t\t\t\t<img loading=\"lazy\" decoding=\"async\" width=\"819\" height=\"1024\" src=\"https:\/\/www.vigraphie.fr\/wp-content\/uploads\/Vi.Graphie-graphiste-Rollup-O-en-Couleur-819x1024.webp\" class=\"attachment-large size-large wp-image-1336\" alt=\"Vi.Graphie graphiste multim\u00e9dia Virginie Dissard communication visuelle\" srcset=\"https:\/\/www.vigraphie.fr\/wp-content\/uploads\/Vi.Graphie-graphiste-Rollup-O-en-Couleur-819x1024.webp 819w, https:\/\/www.vigraphie.fr\/wp-content\/uploads\/Vi.Graphie-graphiste-Rollup-O-en-Couleur-240x300.webp 240w, https:\/\/www.vigraphie.fr\/wp-content\/uploads\/Vi.Graphie-graphiste-Rollup-O-en-Couleur-768x960.webp 768w, https:\/\/www.vigraphie.fr\/wp-content\/uploads\/Vi.Graphie-graphiste-Rollup-O-en-Couleur-1229x1536.webp 1229w, https:\/\/www.vigraphie.fr\/wp-content\/uploads\/Vi.Graphie-graphiste-Rollup-O-en-Couleur-1638x2048.webp 1638w, https:\/\/www.vigraphie.fr\/wp-content\/uploads\/Vi.Graphie-graphiste-Rollup-O-en-Couleur-scaled.webp 2048w\" sizes=\"(max-width: 819px) 100vw, 819px\" \/>\t\t\t\t\t\t\t\t\t\t\t\t\t\t\t<\/div>\n\t\t\t\t<\/div>\n\t\t\t\t<\/div>\n\t\t\t\t\t<\/div>\n\t\t\t\t<\/div>\n\t\t<div class=\"elementor-element elementor-element-82a0973 e-flex e-con-boxed qodef-elementor-content-no e-con e-parent\" data-id=\"82a0973\" data-element_type=\"container\" data-e-type=\"container\" data-settings=\"{&quot;shape_divider_top&quot;:&quot;waves&quot;,&quot;shape_divider_bottom&quot;:&quot;waves&quot;}\">\n\t\t\t\t\t<div class=\"e-con-inner\">\n\t\t\t\t<div class=\"elementor-shape elementor-shape-top\" aria-hidden=\"true\" data-negative=\"false\">\n\t\t\t<svg xmlns=\"http:\/\/www.w3.org\/2000\/svg\" viewBox=\"0 0 1000 100\" preserveAspectRatio=\"none\">\n\t<path class=\"elementor-shape-fill\" d=\"M421.9,6.5c22.6-2.5,51.5,0.4,75.5,5.3c23.6,4.9,70.9,23.5,100.5,35.7c75.8,32.2,133.7,44.5,192.6,49.7\n\tc23.6,2.1,48.7,3.5,103.4-2.5c54.7-6,106.2-25.6,106.2-25.6V0H0v30.3c0,0,72,32.6,158.4,30.5c39.2-0.7,92.8-6.7,134-22.4\n\tc21.2-8.1,52.2-18.2,79.7-24.2C399.3,7.9,411.6,7.5,421.9,6.5z\"\/>\n<\/svg>\t\t<\/div>\n\t\t\t\t<div class=\"elementor-shape elementor-shape-bottom\" aria-hidden=\"true\" data-negative=\"false\">\n\t\t\t<svg xmlns=\"http:\/\/www.w3.org\/2000\/svg\" viewBox=\"0 0 1000 100\" preserveAspectRatio=\"none\">\n\t<path class=\"elementor-shape-fill\" d=\"M421.9,6.5c22.6-2.5,51.5,0.4,75.5,5.3c23.6,4.9,70.9,23.5,100.5,35.7c75.8,32.2,133.7,44.5,192.6,49.7\n\tc23.6,2.1,48.7,3.5,103.4-2.5c54.7-6,106.2-25.6,106.2-25.6V0H0v30.3c0,0,72,32.6,158.4,30.5c39.2-0.7,92.8-6.7,134-22.4\n\tc21.2-8.1,52.2-18.2,79.7-24.2C399.3,7.9,411.6,7.5,421.9,6.5z\"\/>\n<\/svg>\t\t<\/div>\n\t\t\t\t<div class=\"elementor-element elementor-element-4c4491d elementor-widget-mobile__width-initial elementor-widget__width-initial elementor-widget elementor-widget-spacer\" data-id=\"4c4491d\" data-element_type=\"widget\" data-e-type=\"widget\" data-widget_type=\"spacer.default\">\n\t\t\t\t<div class=\"elementor-widget-container\">\n\t\t\t\t\t\t\t<div class=\"elementor-spacer\">\n\t\t\t<div class=\"elementor-spacer-inner\"><\/div>\n\t\t<\/div>\n\t\t\t\t\t\t<\/div>\n\t\t\t\t<\/div>\n\t\t\t\t<div class=\"elementor-element elementor-element-af96bcc elementor-widget__width-initial elementor-widget-tablet__width-initial elementor-widget elementor-widget-heading\" data-id=\"af96bcc\" data-element_type=\"widget\" data-e-type=\"widget\" data-widget_type=\"heading.default\">\n\t\t\t\t<div class=\"elementor-widget-container\">\n\t\t\t\t\t<h1 class=\"elementor-heading-title elementor-size-default\">O en Couleur<\/h1>\t\t\t\t<\/div>\n\t\t\t\t<\/div>\n\t\t\t\t<div class=\"elementor-element elementor-element-30587e2 elementor-widget__width-initial elementor-widget-tablet__width-initial elementor-widget elementor-widget-heading\" data-id=\"30587e2\" data-element_type=\"widget\" data-e-type=\"widget\" data-widget_type=\"heading.default\">\n\t\t\t\t<div class=\"elementor-widget-container\">\n\t\t\t\t\t<h2 class=\"elementor-heading-title elementor-size-default\">Mission<\/h2>\t\t\t\t<\/div>\n\t\t\t\t<\/div>\n\t\t\t\t<div class=\"elementor-element elementor-element-dc70486 elementor-widget__width-initial elementor-widget-tablet__width-initial elementor-widget elementor-widget-text-editor\" data-id=\"dc70486\" data-element_type=\"widget\" data-e-type=\"widget\" data-widget_type=\"text-editor.default\">\n\t\t\t\t<div class=\"elementor-widget-container\">\n\t\t\t\t\t\t\t\t\t<p>Cr\u00e9atrice situ\u00e9e dans les Landes, Aur\u00e9lie monte son auto-entreprise en 2024 et cr\u00e9e des objets personnalisable sur bois, m\u00e9tal, cuir et autre, ainsi que des flocages sur textile.<\/p><p>Une collaboration donc haute en couleur o\u00f9 tout \u00e9tait \u00e0 cr\u00e9er. Une identit\u00e9 visuelle donc sur mesure avec un logo m\u00e9morable ancrant fortement ses racines et son savoir-faire local. En effet, O en Couleur est visible sur les march\u00e9s locaux principalement et pouvoir se d\u00e9marquer est essentiel.<\/p><p>Un Pin des Landes dynamique et joyeux par les couleurs et\u00a0 inspirant confiance et durabilit\u00e9.\u00a0 Gr\u00e2ce \u00e0 sa typographie principale ronde, cr\u00e9ative et chaleureuse nous nous sentons tout de suite bien accueilli. Le fait main sugg\u00e9r\u00e9 avec une typographie manuscrite intuitive et s\u00fbre d&rsquo;elle, appuyant ici cette notion de personnalisation du produit et son c\u00f4t\u00e9 unique.<\/p><p>R\u00e9alisations graphiques : <br \/>Logo, Charte graphique compl\u00e8te, carte de visite et un roll-up pour renforcer sa visibilit\u00e9 sur les march\u00e9s locaux (associant aussi\u00a0 l&rsquo;identit\u00e9 visuelle d&rsquo;une cr\u00e9atrice partenaire).<\/p>\t\t\t\t\t\t\t\t<\/div>\n\t\t\t\t<\/div>\n\t\t\t\t<div class=\"elementor-element elementor-element-431368d elementor-widget__width-initial elementor-widget-tablet__width-initial elementor-widget elementor-widget-spacer\" data-id=\"431368d\" data-element_type=\"widget\" data-e-type=\"widget\" data-widget_type=\"spacer.default\">\n\t\t\t\t<div class=\"elementor-widget-container\">\n\t\t\t\t\t\t\t<div class=\"elementor-spacer\">\n\t\t\t<div class=\"elementor-spacer-inner\"><\/div>\n\t\t<\/div>\n\t\t\t\t\t\t<\/div>\n\t\t\t\t<\/div>\n\t\t\t\t<div class=\"elementor-element elementor-element-7a931a8 elementor-widget__width-initial elementor-widget elementor-widget-button\" data-id=\"7a931a8\" data-element_type=\"widget\" data-e-type=\"widget\" data-widget_type=\"button.default\">\n\t\t\t\t<div class=\"elementor-widget-container\">\n\t\t\t\t\t\t\t\t\t<div class=\"elementor-button-wrapper\">\n\t\t\t\t\t<a class=\"elementor-button elementor-button-link elementor-size-sm\" href=\"https:\/\/www.instagram.com\/o_en_couleur_\/\" target=\"_blank\">\n\t\t\t\t\t\t<span class=\"elementor-button-content-wrapper\">\n\t\t\t\t\t\t\t\t\t<span class=\"elementor-button-text\">Visiter O en Couleur<\/span>\n\t\t\t\t\t<\/span>\n\t\t\t\t\t<\/a>\n\t\t\t\t<\/div>\n\t\t\t\t\t\t\t\t<\/div>\n\t\t\t\t<\/div>\n\t\t\t\t\t<\/div>\n\t\t\t\t<\/div>\n\t\t<div class=\"elementor-element elementor-element-20f3eeb e-flex e-con-boxed qodef-elementor-content-no e-con e-parent\" data-id=\"20f3eeb\" data-element_type=\"container\" data-e-type=\"container\">\n\t\t\t\t\t<div class=\"e-con-inner\">\n\t\t\t\t<div class=\"elementor-element elementor-element-193526a elementor-widget elementor-widget-spacer\" data-id=\"193526a\" data-element_type=\"widget\" data-e-type=\"widget\" data-widget_type=\"spacer.default\">\n\t\t\t\t<div class=\"elementor-widget-container\">\n\t\t\t\t\t\t\t<div class=\"elementor-spacer\">\n\t\t\t<div class=\"elementor-spacer-inner\"><\/div>\n\t\t<\/div>\n\t\t\t\t\t\t<\/div>\n\t\t\t\t<\/div>\n\t\t\t\t\t<\/div>\n\t\t\t\t<\/div>\n\t\t\t\t<\/div>\n\t\t","protected":false},"excerpt":{"rendered":"<p>O en Couleur Mission Cr\u00e9atrice situ\u00e9e dans les Landes, Aur\u00e9lie monte son auto-entreprise en 2024 et cr\u00e9e des objets personnalisable sur bois, m\u00e9tal, cuir et autre, ainsi que des flocages sur textile. Une collaboration donc haute en couleur o\u00f9 tout \u00e9tait \u00e0 cr\u00e9er. Une identit\u00e9 visuelle donc sur mesure avec un logo m\u00e9morable ancrant fortement&#8230;<\/p>\n","protected":false},"author":1,"featured_media":0,"parent":0,"menu_order":0,"comment_status":"closed","ping_status":"closed","template":"","meta":{"_kad_post_transparent":"","_kad_post_title":"hide","_kad_post_layout":"fullwidth","_kad_post_sidebar_id":"","_kad_post_content_style":"unboxed","_kad_post_vertical_padding":"hide","_kad_post_feature":"hide","_kad_post_feature_position":"","_kad_post_header":false,"_kad_post_footer":false,"_kad_post_classname":"","footnotes":""},"class_list":["post-1262","page","type-page","status-publish","hentry"],"yoast_head":"<!-- This site is optimized with the Yoast SEO plugin v27.4 - https:\/\/yoast.com\/product\/yoast-seo-wordpress\/ -->\n<title>O en Couleur -<\/title>\n<meta name=\"robots\" content=\"index, follow, max-snippet:-1, max-image-preview:large, max-video-preview:-1\" \/>\n<link rel=\"canonical\" href=\"https:\/\/www.vigraphie.fr\/index.php\/o-en-couleur\/\" \/>\n<meta property=\"og:locale\" content=\"fr_FR\" \/>\n<meta property=\"og:type\" content=\"article\" \/>\n<meta property=\"og:title\" content=\"O en Couleur -\" \/>\n<meta property=\"og:description\" content=\"O en Couleur Mission Cr\u00e9atrice situ\u00e9e dans les Landes, Aur\u00e9lie monte son auto-entreprise en 2024 et cr\u00e9e des objets personnalisable sur bois, m\u00e9tal, cuir et autre, ainsi que des flocages sur textile. Une collaboration donc haute en couleur o\u00f9 tout \u00e9tait \u00e0 cr\u00e9er. Une identit\u00e9 visuelle donc sur mesure avec un logo m\u00e9morable ancrant fortement...\" \/>\n<meta property=\"og:url\" content=\"https:\/\/www.vigraphie.fr\/index.php\/o-en-couleur\/\" \/>\n<meta property=\"article:modified_time\" content=\"2026-04-27T13:40:58+00:00\" \/>\n<meta property=\"og:image\" content=\"https:\/\/www.vigraphie.fr\/wp-content\/uploads\/Vi.Graphie-logo-principal-oencouleur-creatrice-1.webp\" \/>\n\t<meta property=\"og:image:width\" content=\"800\" \/>\n\t<meta property=\"og:image:height\" content=\"800\" \/>\n\t<meta property=\"og:image:type\" content=\"image\/webp\" \/>\n<meta name=\"twitter:card\" content=\"summary_large_image\" \/>\n<meta name=\"twitter:label1\" content=\"Dur\u00e9e de lecture estim\u00e9e\" \/>\n\t<meta name=\"twitter:data1\" content=\"2 minutes\" \/>\n<script type=\"application\/ld+json\" class=\"yoast-schema-graph\">{\"@context\":\"https:\\\/\\\/schema.org\",\"@graph\":[{\"@type\":\"WebPage\",\"@id\":\"https:\\\/\\\/www.vigraphie.fr\\\/index.php\\\/o-en-couleur\\\/\",\"url\":\"https:\\\/\\\/www.vigraphie.fr\\\/index.php\\\/o-en-couleur\\\/\",\"name\":\"O en Couleur -\",\"isPartOf\":{\"@id\":\"https:\\\/\\\/www.vigraphie.fr\\\/#website\"},\"primaryImageOfPage\":{\"@id\":\"https:\\\/\\\/www.vigraphie.fr\\\/index.php\\\/o-en-couleur\\\/#primaryimage\"},\"image\":{\"@id\":\"https:\\\/\\\/www.vigraphie.fr\\\/index.php\\\/o-en-couleur\\\/#primaryimage\"},\"thumbnailUrl\":\"https:\\\/\\\/www.vigraphie.fr\\\/wp-content\\\/uploads\\\/Vi.Graphie-logo-principal-oencouleur-creatrice-1.webp\",\"datePublished\":\"2026-01-24T21:37:00+00:00\",\"dateModified\":\"2026-04-27T13:40:58+00:00\",\"breadcrumb\":{\"@id\":\"https:\\\/\\\/www.vigraphie.fr\\\/index.php\\\/o-en-couleur\\\/#breadcrumb\"},\"inLanguage\":\"fr-FR\",\"potentialAction\":[{\"@type\":\"ReadAction\",\"target\":[\"https:\\\/\\\/www.vigraphie.fr\\\/index.php\\\/o-en-couleur\\\/\"]}]},{\"@type\":\"ImageObject\",\"inLanguage\":\"fr-FR\",\"@id\":\"https:\\\/\\\/www.vigraphie.fr\\\/index.php\\\/o-en-couleur\\\/#primaryimage\",\"url\":\"https:\\\/\\\/www.vigraphie.fr\\\/wp-content\\\/uploads\\\/Vi.Graphie-logo-principal-oencouleur-creatrice-1.webp\",\"contentUrl\":\"https:\\\/\\\/www.vigraphie.fr\\\/wp-content\\\/uploads\\\/Vi.Graphie-logo-principal-oencouleur-creatrice-1.webp\",\"width\":800,\"height\":800,\"caption\":\"Vi.Graphie identit\u00e9 visuelle O en Couleur\"},{\"@type\":\"BreadcrumbList\",\"@id\":\"https:\\\/\\\/www.vigraphie.fr\\\/index.php\\\/o-en-couleur\\\/#breadcrumb\",\"itemListElement\":[{\"@type\":\"ListItem\",\"position\":1,\"name\":\"Accueil\",\"item\":\"https:\\\/\\\/www.vigraphie.fr\\\/\"},{\"@type\":\"ListItem\",\"position\":2,\"name\":\"O en Couleur\"}]},{\"@type\":\"WebSite\",\"@id\":\"https:\\\/\\\/www.vigraphie.fr\\\/#website\",\"url\":\"https:\\\/\\\/www.vigraphie.fr\\\/\",\"name\":\"\",\"description\":\"\",\"potentialAction\":[{\"@type\":\"SearchAction\",\"target\":{\"@type\":\"EntryPoint\",\"urlTemplate\":\"https:\\\/\\\/www.vigraphie.fr\\\/?s={search_term_string}\"},\"query-input\":{\"@type\":\"PropertyValueSpecification\",\"valueRequired\":true,\"valueName\":\"search_term_string\"}}],\"inLanguage\":\"fr-FR\"}]}<\/script>\n<!-- \/ Yoast SEO plugin. -->","yoast_head_json":{"title":"O en Couleur -","robots":{"index":"index","follow":"follow","max-snippet":"max-snippet:-1","max-image-preview":"max-image-preview:large","max-video-preview":"max-video-preview:-1"},"canonical":"https:\/\/www.vigraphie.fr\/index.php\/o-en-couleur\/","og_locale":"fr_FR","og_type":"article","og_title":"O en Couleur -","og_description":"O en Couleur Mission Cr\u00e9atrice situ\u00e9e dans les Landes, Aur\u00e9lie monte son auto-entreprise en 2024 et cr\u00e9e des objets personnalisable sur bois, m\u00e9tal, cuir et autre, ainsi que des flocages sur textile. Une collaboration donc haute en couleur o\u00f9 tout \u00e9tait \u00e0 cr\u00e9er. Une identit\u00e9 visuelle donc sur mesure avec un logo m\u00e9morable ancrant fortement...","og_url":"https:\/\/www.vigraphie.fr\/index.php\/o-en-couleur\/","article_modified_time":"2026-04-27T13:40:58+00:00","og_image":[{"width":800,"height":800,"url":"https:\/\/www.vigraphie.fr\/wp-content\/uploads\/Vi.Graphie-logo-principal-oencouleur-creatrice-1.webp","type":"image\/webp"}],"twitter_card":"summary_large_image","twitter_misc":{"Dur\u00e9e de lecture estim\u00e9e":"2 minutes"},"schema":{"@context":"https:\/\/schema.org","@graph":[{"@type":"WebPage","@id":"https:\/\/www.vigraphie.fr\/index.php\/o-en-couleur\/","url":"https:\/\/www.vigraphie.fr\/index.php\/o-en-couleur\/","name":"O en Couleur -","isPartOf":{"@id":"https:\/\/www.vigraphie.fr\/#website"},"primaryImageOfPage":{"@id":"https:\/\/www.vigraphie.fr\/index.php\/o-en-couleur\/#primaryimage"},"image":{"@id":"https:\/\/www.vigraphie.fr\/index.php\/o-en-couleur\/#primaryimage"},"thumbnailUrl":"https:\/\/www.vigraphie.fr\/wp-content\/uploads\/Vi.Graphie-logo-principal-oencouleur-creatrice-1.webp","datePublished":"2026-01-24T21:37:00+00:00","dateModified":"2026-04-27T13:40:58+00:00","breadcrumb":{"@id":"https:\/\/www.vigraphie.fr\/index.php\/o-en-couleur\/#breadcrumb"},"inLanguage":"fr-FR","potentialAction":[{"@type":"ReadAction","target":["https:\/\/www.vigraphie.fr\/index.php\/o-en-couleur\/"]}]},{"@type":"ImageObject","inLanguage":"fr-FR","@id":"https:\/\/www.vigraphie.fr\/index.php\/o-en-couleur\/#primaryimage","url":"https:\/\/www.vigraphie.fr\/wp-content\/uploads\/Vi.Graphie-logo-principal-oencouleur-creatrice-1.webp","contentUrl":"https:\/\/www.vigraphie.fr\/wp-content\/uploads\/Vi.Graphie-logo-principal-oencouleur-creatrice-1.webp","width":800,"height":800,"caption":"Vi.Graphie identit\u00e9 visuelle O en Couleur"},{"@type":"BreadcrumbList","@id":"https:\/\/www.vigraphie.fr\/index.php\/o-en-couleur\/#breadcrumb","itemListElement":[{"@type":"ListItem","position":1,"name":"Accueil","item":"https:\/\/www.vigraphie.fr\/"},{"@type":"ListItem","position":2,"name":"O en Couleur"}]},{"@type":"WebSite","@id":"https:\/\/www.vigraphie.fr\/#website","url":"https:\/\/www.vigraphie.fr\/","name":"","description":"","potentialAction":[{"@type":"SearchAction","target":{"@type":"EntryPoint","urlTemplate":"https:\/\/www.vigraphie.fr\/?s={search_term_string}"},"query-input":{"@type":"PropertyValueSpecification","valueRequired":true,"valueName":"search_term_string"}}],"inLanguage":"fr-FR"}]}},"_links":{"self":[{"href":"https:\/\/www.vigraphie.fr\/index.php\/wp-json\/wp\/v2\/pages\/1262","targetHints":{"allow":["GET"]}}],"collection":[{"href":"https:\/\/www.vigraphie.fr\/index.php\/wp-json\/wp\/v2\/pages"}],"about":[{"href":"https:\/\/www.vigraphie.fr\/index.php\/wp-json\/wp\/v2\/types\/page"}],"author":[{"embeddable":true,"href":"https:\/\/www.vigraphie.fr\/index.php\/wp-json\/wp\/v2\/users\/1"}],"replies":[{"embeddable":true,"href":"https:\/\/www.vigraphie.fr\/index.php\/wp-json\/wp\/v2\/comments?post=1262"}],"version-history":[{"count":82,"href":"https:\/\/www.vigraphie.fr\/index.php\/wp-json\/wp\/v2\/pages\/1262\/revisions"}],"predecessor-version":[{"id":3824,"href":"https:\/\/www.vigraphie.fr\/index.php\/wp-json\/wp\/v2\/pages\/1262\/revisions\/3824"}],"wp:attachment":[{"href":"https:\/\/www.vigraphie.fr\/index.php\/wp-json\/wp\/v2\/media?parent=1262"}],"curies":[{"name":"wp","href":"https:\/\/api.w.org\/{rel}","templated":true}]}}